9
List the prime factors of 87416043.
3, 11, 13, 203767
List the prime factors of 59596452.
2, 3, 41, 43, 313
List the prime factors of 1008959549.
13, 37, 2097629
What are the prime factors of 90562444?
2, 7, 3234373
List the prime factors of 563601320.
2, 5, 67, 210299
List the prime factors of 4608344963.
29, 8887, 17881
What are the prime factors of 171447532?
2, 1597, 26839
List the prime factors of 73955102.
2, 13, 2844427
List the prime factors of 18920277.
3, 700751
What are the prime factors of 631903774?
2, 315951887
List the prime factors of 2653221096.
2, 3, 827, 4951
What are the prime factors of 40020649?
40020649
List the prime factors of 4204724803.
4204724803
List the prime factors of 3044659722.
2, 3, 13, 109, 163
What are the prime factors of 319212504?
2, 3, 13, 257, 1327
List the prime factors of 338476099.
13, 71, 366713
List the prime factors of 1311822301.
19, 69043279
List the prime factors of 57718417.
17, 211, 16091
What are the prime factors of 122841653?
11, 11167423
List the prime factors of 4547103503.
19, 281, 851677
What are the prime factors of 147993962?
2, 71, 1042211
What are the prime factors of 1532176686?
2, 3, 1609, 52903
List the prime factors of 24045995.
5, 151, 31849
What are the prime factors of 258865665?
3, 5, 73, 236407
What are the prime factors of 275407741?
7, 61, 89, 7247
What are the prime factors of 105166525?
5, 199, 21139
List the prime factors of 707292482.
2, 13, 191, 142427
What are the prime factors of 229371038?
2, 13, 17, 71, 7309
What are the prime factors of 444713760?
2, 3, 5, 113, 911
List the prime factors of 664690936.
2, 7, 13, 913037
List the prime factors of 1242820796.
2, 7, 44386457
What are the prime factors of 95141147?
95141147
List the prime factors of 40196400.
2, 3, 5, 19, 41, 43
List the prime factors of 46729271.
73, 640127
List the prime factors of 5590691004.
2, 3, 465890917
List the prime factors of 1070191497.
3, 17, 20984147
What are the prime factors of 23579307?
3, 787, 3329
List the prime factors of 12546626.
2, 37, 43, 3943
What are the prime factors of 5561184?
2, 3, 53, 1093
What are the prime factors of 78097779?
3, 17, 53, 9631
List the prime factors of 250558236.
2, 3, 6959951
List the prime factors of 287806737.
3, 19, 5049241
List the prime factors of 31938712.
2, 13, 307103
List the prime factors of 207332138.
2, 13, 809, 9857
List the prime factors of 361779885.
3, 5, 383, 6997
What are the prime factors of 191653751?
10501, 18251
List the prime factors of 72869791.
149, 479, 1021
What are the prime factors of 282802781?
9769, 28949
List the prime factors of 49192707.
3, 277, 59197
What are the prime factors of 82425279?
3, 29, 947417
List the prime factors of 22695311.
22695311
List the prime factors of 13427165.
5, 71, 109, 347
List the prime factors of 1519973124.
2, 3, 23, 1229, 4481
List the prime factors of 671642324.
2, 17, 19, 101, 5147
List the prime factors of 10076035.
5, 443, 4549
List the prime factors of 224664441.
3, 74888147
List the prime factors of 24339678.
2, 3, 11, 368783
What are the prime factors of 1894948915?
5, 378989783
List the prime factors of 226609949.
17, 13329997
List the prime factors of 174632070.
2, 3, 5, 5821069
List the prime factors of 116949708.
2, 3, 3248603
What are the prime factors of 5131821379?
73, 131, 536633
List the prime factors of 70289313.
3, 23429771
What are the prime factors of 239194293?
3, 13, 6133187
List the prime factors of 5291092563.
3, 17, 167, 621239
What are the prime factors of 59545030?
2, 5, 83, 71741
What are the prime factors of 283026719?
283026719
List the prime factors of 526108044.
2, 3, 7, 11, 17, 33493
What are the prime factors of 399228322?
2, 113, 293, 6029
What are the prime factors of 2666283165?
3, 5, 7, 13, 23, 28309
List the prime factors of 8080168.
2, 17, 19, 53, 59
What are the prime factors of 1635961783?
79, 20708377
What are the prime factors of 144101434?
2, 19, 1033, 3671
What are the prime factors of 20177608?
2, 11, 167, 1373
What are the prime factors of 2800064298?
2, 3, 23, 359, 56519
List the prime factors of 7489188088.
2, 936148511
List the prime factors of 185638973.
13, 137, 104233
List the prime factors of 4946027.
4946027
List the prime factors of 2456987.
13, 188999
What are the prime factors of 105484684?
2, 59, 446969
List the prime factors of 1312383632.
2, 7, 29, 47, 8597
What are the prime factors of 3512264244?
2, 3, 10663, 27449
List the prime factors of 1650356485.
5, 330071297
What are the prime factors of 250723160?
2, 5, 263, 23833
List the prime factors of 14282838.
2, 3, 59, 4483
What are the prime factors of 1212985536?
2, 3, 7, 19, 47501
What are the prime factors of 21550771?
11, 1959161
What are the prime factors of 4182615303?
3, 1051, 1326551
What are the prime factors of 127949550?
2, 3, 5, 852997
What are the prime factors of 64185986?
2, 349, 91957
What are the prime factors of 71243996?
2, 19, 937421
What are the prime factors of 287919149?
7, 5875901
What are the prime factors of 18333964?
2, 11, 269, 1549
What are the prime factors of 4040112?
2, 3, 73, 1153
List the prime factors of 102363576.
2, 3, 7, 609307
List the prime factors of 170205493.
170205493
List the prime factors of 1872037163.
37, 41, 1234039
What are the prime factors of 642265402?
2, 281, 1142821
What are the prime factors of 19794085?
5, 3958817
List the prime factors of 49812661.
19, 61, 42979
List the prime factors of 517089781.
13, 2797, 14221
What are the prime factors of 3364705246?
2, 7, 17, 683, 2957
List the prime factors of 4111189939.
1201, 3423139
What are the prime factors of 254084500?
2, 5, 193, 2633
What are the prime factors of 2808621?
3, 17, 29, 211
List the prime factors of 170462087.
29, 31, 189613
What are the prime factors of 2076974940?
2, 3, 5, 197, 199, 883
What are the prime factors of 3306567094?
2, 1217, 1358491
What are the prime factors of 2097617754?
2, 3, 5309, 65851
What are the prime factors of 151170503?
11, 1249343
List the prime factors of 699066793.
2663, 262511
What are the prime factors of 120345923?
71, 457, 3709
What are the prime factors of 76731102?
2, 3, 7, 608977
List the prime factors of 46123855.
5, 23, 401077
What are the prime factors of 149290691?
11, 1289, 10529
What are the prime factors of 146147792?
2, 7, 131, 1423
List the prime factors of 1032939374.
2, 337, 1532551
List the prime factors of 78385439.
11, 7125949
List the prime factors of 226042143.
3, 41, 1837741
What are the prime factors of 442521786?
2, 3, 7, 113, 93241
What are the prime factors of 3735701138?
2, 13, 3229, 44497
What are the prime factors of 5383029070?
2, 5, 8629, 62383
What are the prime factors of 1409705025?
3, 5, 17, 1105651
List the prime factors of 1027119816.
2, 3, 14265553
List the prime factors of 11680431.
3, 7, 556211
List the prime factors of 354943.
17, 20879
What are the prime factors of 88452961?
19, 4655419
List the prime factors of 18939297.
3, 13, 181, 2683
List the prime factors of 178111864.
2, 7, 31, 14657
List the prime factors of 50528327.
50528327
List the prime factors of 71601175.
5, 487, 5881
What are the prime factors of 437437557?
3, 17, 953023
What are the prime factors of 331458799?
7, 79, 599383
What are the prime factors of 560272245?
3, 5, 13, 193, 14887
List the prime factors of 146621914.
2, 191, 463, 829
What are the prime factors of 7157178?
2, 3, 7, 43, 1321
List the prime factors of 417800536.
2, 127, 173, 2377
What are the prime factors of 77449535?
5, 17, 911171
What are the prime factors of 5382208811?
7, 37, 20780729
What are the prime factors of 54682856?
2, 53, 128969
What are the prime factors of 402088920?
2, 3, 5, 3350741
What are the prime factors of 303002116?
2, 75750529
List the prime factors of 48444437.
48444437
List the prime factors of 22401091.
61, 367231
List the prime factors of 2721690.
2, 3, 5, 30241
List the prime factors of 22861837.
22861837
List the prime factors of 177588961.
11, 16144451
List the prime factors of 239867353.
11, 21806123
List the prime factors of 1002809500.
2, 5, 7, 11, 61
List the prime factors of 45834793.
173, 307, 863
List the prime factors of 158385665.
5, 31, 41, 24923
List the prime factors of 92111954.
2, 11, 4186907
List t